8?
False
Does 144 divide 1974251?
False
Is 1134 a factor of 4869396?
True
Is 140 a factor of 210893?
False
Is 15 a factor of 28537?
False
Is 9 a factor of 69939?
True
Is 119 a factor of 1071?
True
Is 7 a factor of 234450?
False
Is 9 a factor of 1064550?
False
Is 37 a factor of 5900871?
True
Is 27 a factor of 1560537?
False
Is 103047 a multiple of 77?
False
Is 152491 a multiple of 37?
False
Is 271396 a multiple of 76?
True
Is 40 a factor of 134094?
False
Is 209033 a multiple of 341?
True
Is 54637 a multiple of 14?
False
Is 2064428 a multiple of 390?
False
Is 7 a factor of 180467?
True
Is 102007 a multiple of 5?
False
Is 12 a factor of 13396094?
False
Is 11 a factor of 48741?
True
Does 11 divide 15184?
False
Is 89301 a multiple of 31?
False
Is 167910 a multiple of 145?
True
Is 300346 a multiple of 571?
True
Does 4 divide 586266?
False
Is 2566271 a multiple of 535?
False
Is 176 a factor of 1593328?
True
Is 25 a factor of 201089?
False
Is 51765 a multiple of 105?
True
Is 11 a factor of 1297601?
False
Does 700 divide 13679400?
True
Is 3 a factor of 721373?
False
Is 3659458 a multiple of 157?
False
Is 63 a factor of 3109428?
True
Is 494908 a multiple of 81?
False
Does 82 divide 1337943?
False
Is 20 a factor of 636325?
False
Does 10 divide 10427915?
False
Is 8 a factor of 536899?
False
Does 65 divide 4837235?
True
Is 2916644 a multiple of 67?
True
Is 2692190 a multiple of 33?
False
Is 12 a factor of 445788?
True
Does 42 divide 501354?
True
Does 242 divide 3061058?
True
Does 51 divide 712521?
True
Is 1875191 a multiple of 25?
False
Does 65 divide 115977?
False
Is 21560 a multiple of 5?
True
Is 4 a factor of 1333959?
False
Is 12000386 a multiple of 153?
False
Is 585006 a multiple of 15?
False
Is 90 a factor of 328940?
False
Is 165254 a multiple of 53?
True
Does 180 divide 349335?
False
Does 13 divide 2111?
False
Is 345829 a multiple of 445?
False
Is 12 a factor of 168142?
False
Is 4 a factor of 533068?
True
Is 23 a factor of 25144188?
False
Is 92431 even?
False
Is 1277307 a multiple of 1227?
True
Is 202753 a multiple of 201?
False
Is 4 a factor of 447168?
True
Is 32 a factor of 156288?
True
Is 58946 a multiple of 4?
False
Is 447842 a multiple of 28?
False
Does 74 divide 111499?
False
Is 38160 a multiple of 7?
False
Is 116 a factor of 197591?
False
Does 54 divide 12597066?
True
Is 8 a factor of 796016?
True
Does 944 divide 1581097?
False
Is 1269141 a multiple of 47?
True
Is 405 a factor of 138606?
False
Is 7 a factor of 516089?
True
Is 8 a factor of 11440?
True
Is 165362 a multiple of 9?
False
Is 19314073 a multiple of 133?
False
Is 1527430 a multiple of 46?
True
Is 6755071 a multiple of 1624?
False
Is 15071 a multiple of 13?
False
Is 98925 a multiple of 55?
False
Is 67 a factor of 273158?
False
Is 205 a factor of 2534629?
False
Does 146 divide 2260291?
False
Is 41650791 a multiple of 21?
True
Does 6 divide 50982?
True
Is 10 a factor of 30460?
True
Is 14323866 a multiple of 7?
False
Is 71482 a multiple of 103?
True
Does 15 divide 495357?
False
Does 29 divide 2022170?
True
Is 1322868 a multiple of 23?
True
Is 583464 a multiple of 322?
True
Does 8 divide 36517?
False
Is 18007976 a multiple of 470?
False
Is 52 a factor of 298688?
True
Is 219697 a multiple of 10?
False
Is 933529 a multiple of 743?
False
Does 33 divide 311520?
True
Does 43 divide 77787?
True
Does 5 divide 1907?
False
Is 4 a factor of 8390949?
False
Does 12 divide 912794?
False
Does 27 divide 1710126?
True
Does 246 divide 13888651?
False
Does 408 divide 1529592?
True
Does 23 divide 38403?
False
Is 133391 a multiple of 67?
False
Is 62 a factor of 34524?
False
Is 87 a factor of 1475955?
True
Does 932 divide 698068?
True
Is 9 a factor of 4669101?
True
Is 270720 a multiple of 360?
True
Does 4 divide 264573?
False
Is 14 a factor of 130312?
True
Does 18 divide 620761?
False
Is 142059 even?
False
Does 14 divide 240800?
True
Does 9 divide 81612?
True
Is 99036 a multiple of 63?
True
Is 546055 a multiple of 113?
False
Is 878580 a multiple of 7?
False
Does 10 divide 7838740?
True
Is 23 a factor of 256892?
False
Does 46 divide 2630432?
False
Is 7714720 a multiple of 130?
True
Is 74 a factor of 42476?
True
Does 842 divide 7851962?
False
Does 9 divide 248643?
True
Is 5 a factor of 1811803?
False
Is 183560 a multiple of 353?
True
Is 2325438 a multiple of 23?
True
Does 14 divide 193046?
True
Is 15493120 a multiple of 17?
True
Is 2680831 a multiple of 397?
False
Is 410670 a multiple of 15?
True
Is 7711991 a multiple of 11?
False
Does 78 divide 96798?
True
Is 154 a factor of 5696267?
False
Is 6 a factor of 32669?
False
Does 110 divide 41847?
False
Is 249960 a multiple of 30?
True
Does 1136 divide 1158139?
False
Does 17 divide 150399?
True
Is 33396672 a multiple of 17?
False
Is 14782079 a multiple of 978?
False
Is 660 a factor of 312079?
False
Is 106 a factor of 49873?
False
Is 41 a factor of 190954?
False
Is 194 a factor of 3318564?
True
Does 18 divide 600584?
False
Is 3608420 a multiple of 34?
True
Does 14 divide 212156?
True
Is 19 a factor of 32300?
True
Is 24 a factor of 261048?
True
Is 1079100 a multiple of 66?
True
Is 803928 a multiple of 344?
True
Does 9 divide 10893137?
False
Is 6944 a multiple of 43?
False
Does 40 divide 2880440?
True
Does 9 divide 274662?
True
Does 10 divide 3198?
False
Is 242904 a multiple of 10?
False
Does 58 divide 7400104?
True
Does 9 divide 224883?
True
Is 425799 a multiple of 43?
False
Is 1502165 a multiple of 10?
False
Is 82884 a multiple of 42?
False
Does 2175 divide 9826650?
True
Is 9 a factor of 373848?
False
Does 44 divide 1007093?
False
Is 168399 a multiple of 77?
True
Is 59 a factor of 122956?
True
Does 88 divide 5371074?
False
Is 1283 a factor of 7144562?
False
Does 315 divide 196965?
False
Does 75 divide 4781625?
True
Is 930460 a multiple of 151?
False
Is 427976 a multiple of 4?
True
Does 299 divide 2032303?
True
Is 168 a factor of 5925528?
True
Is 305272 a multiple of 44?
True
Is 137069 a multiple of 137?
False
Is 450019 a multiple of 647?
False
Does 322 divide 124736?
False
Does 2 divide 62890?
True
Does 12 divide 11705724?
True
Does 2 divide 27387?
False
Does 1453 divide 11795454?
True
Is 57 a factor of 342342?
True
Does 42 divide 54090?
False
Is 10 a factor of 395990?
True
Does 8 divide 46693?
False
Is 352770 a multiple of 66?
True
Is 71 a factor of 656111?
True
Is 23 a factor of 137632?
True
Does 305 divide 2048481?
False
Does 238 divide 434350?
True
Does 99 divide 76821?
False
Is 55 a factor of 125375?
False
Is 194498 a multiple of 158?
True
Does 93 divide 1511715?
True
Is 63 even?
False
Is 90976 a multiple of 51?
False
Is 345 a factor of 109020?
True
Does 62 divide 8147507?
False
Does 449 divide 140537?
True
Is 47334 a multiple of 3?
True
Is 268 a factor of 2297564?
True
Is 13 a factor of 157650?
False
Is 7 a factor of 546811?
False
Is 16960163 a multiple of 1223?
False
Is 652 a factor of 225592?
True
Does 282 divide 9443052?
True
Is 240 a factor of 1554960?
True
Is 17 a factor of 2451383?
True
Is 27 a factor of 484771?
False
Is 66130 a multiple of 2?
True
Is 91 a factor of 55415?
False
Is 49 a factor of 199546?
False
Is 294 a factor of 3830820?
True
Does 3 divide 291163?
False
Does 256 divide 1287936?
True
Does 14 divide 822695?
False
Does 4 divide 159564?
True
Is 4 a factor of 1024924?
True
Is 1396134 a multiple of 18?
True
Is 83000 a multiple of 200?
True
Is 5 a factor of 32715?
True
Does 956 divide 4761409?
False
Does 1031 divide 1015535?
True
Is 88 a factor of 535449?
False
Does 77 divide 568029?
True
Does 8 divide 558952?
True
Is 2857893 a multiple of 505?
False
Is 20669 a multiple of 10?
False
Is 5 a factor of 26655?
True
Is 27 a factor of 34077?
False
Does 310 divide 500650?
True
Is 16096694 a multiple of 646?
False
Is 12 a factor of 2142576?
True
Is 828855 a multiple of 93?
False
Does 38 divide 129285?
False
Is 14928633 a multiple of 367?
False
Does 134 divide 98222?
True
Is 108852 a multiple of 14?
False
Is 445320 a multiple of 4?
True
Is 32 a factor of 115287?
False
Does 8 divide 91632?
True
Does 11 divide 4350995?
True
Does 129 divide 7031908?
False
Is 450 a factor of 291150?
True
Is 443 a factor of 4590366?
True
Does 65 divide 6918665?
True
Does 33 divide 172146?
False
Is 2 a factor of 3632?
True
Is 12 a factor of 14029729?
False
Is 16 a factor 